 - 0 - (-15 - -20))?
5
What is the value of 3 - -1 - (-5 + 3 + 1)?
5
What is the value of -5 - (5 + (6 - 14 - -2))?
-4
Evaluate (0 - (-2 + -1 + 1)) + -8.
-6
Calculate (2 - (5 - 7)) + -1.
3
0 + (0 - -1 - (14 - 15))
2
Evaluate 36 + -35 - (-1 + 1 + 0).
1
What is the value of -2 - (0 + 1 + -2 + 4)?
-5
What is 0 - 2 - (35 + -37)?
0
Evaluate 1 + 2 + 7 + -13 + 5.
2
Calculate -3 - -6 - (0 + (1 - -1)).
1
Evaluate (0 - 10) + (14 - (3 + 5)).
-4
(7 - 1 - 1) + -5
0
What is the value of -3 + (1 - (-5 + (3 - 2)))?
2
What is the value of -15 + (16 - 7) - -6?
0
What is the value of (0 - -10 - 1) + (42 - 45)?
6
Calculate 10 - (1 + 14) - -12.
7
Evaluate (-15 - (-1 - 6)) + 2 - -12.
6
What is the value of -7 - -2 - (-43 + 42)?
-4
What is the value of -4 - -2 - (2 - 2)?
-2
(7 - 9) + 18 + -11
5
What is -4 + (3 - (-6 + 4))?
1
Calculate 2 + -7 - (-17 + 3 + 7).
2
What is (-2 - 1) + (3 - 4)?
-4
What is -2 + 10 + (-8 - -9)?
9
What is (20 + -7 - 5) + (2 - 1)?
9
What is the value of -6 + (-3 - -8) + 5?
4
What is (-4 - -10) + -6 + 2?
2
Calculate (0 - 2) + (-3 - 0 - 0).
-5
What is -2 + (3 + -1 - -2) - 8?
-6
-5 - (-3 - -4 - 4)
-2
4 - ((16 - 14) + (1 - 3))
4
What is 1 + -1 - (-19 - -19)?
0
Evaluate -4 + 5 - 5 - -9.
5
Calculate 1 + (12 + -4 - 12).
-3
Evaluate 3 - (-6 + 1 + 5).
3
What is 1 + 4 - (15 - 15)?
5
Calculate (12 - (17 - 7)) + (-1 - 0).
1
What is the value of -2 + 4 - (-7 - -8)?
1
4 + 1 - (5 + -4 + -1)
5
What is the value of (17 - 8) + 7 + (-1 - 4)?
11
What is the value of 4 + -1 + -2 + -1?
0
What is 3 + 3 + (-1 - (-4 + 7))?
2
Evaluate (-1 - -4) + -4 + (1 - -2).
2
What is the value of (-104 - -99) + 5 + -2?
-2
What is 1 - 4 - 5 - (-2 - 1)?
-5
Calculate -12 - ((-1 - -1) + -9).
-3
Evaluate 0 + -5 - (57 + -58).
-4
Evaluate 2 - (2 + -1) - (5 - 7).
3
What is the value of 3 + -1 + -3 + 1?
0
Evaluate 2 - (-3 + 4) - -2 - -1.
4
What is -15 + (12 - (-5 + (13 - 3)))?
-8
(26 - 26) + (0 - -1) + 1
2
Calculate 2 + (14 + -18 - (-2 + -1)).
1
Evaluate -2 + -5 - -10 - (-2 + 12).
-7
(1 - -6) + (-4 - -1)
4
Evaluate 33 - 26 - (-1 + 2 + 14).
-8
Calculate -3 - (7 + -4) - -4.
-2
What is the value of (9 - 0) + (2 - -9 - 12)?
8
What is -9 + 5 + -7 + 7?
-4
What is the value of (0 - 2) + (2 - -1) + 0?
1
What is the value of 5 + 0 + 1 + 33 + -31?
8
What is the value of -4 - -1 - (-4 - (-4 + 6))?
3
What is the value of 2 + (4 - 10) + (8 - -2)?
6
Evaluate 2 + 2 + -2 + -5.
-3
0 + -4 - (6 + -11)
1
What is 1 - (-9 + 3 + 3)?
4
What is 8 + -2 + 1 + -7 + 4?
4
What is the value of 0 - 1 - (6 - (20 - 21))?
-8
What is the value of 0 + 5 - (3 - -2) - -5?
5
Evaluate -13 - -17 - (1 - 1).
4
-9 + (11 - (15 + -11))
-2
Evaluate -2 + -1 - (-5 - (0 - -1)).
3
Calculate (-7 - (-4 + -6)) + (-3 - 0).
0
-8 + 6 + 0 - 1
-3
What is the value of (-15 - -3 - 2) + 9?
-5
What is the value of (0 - -1) + (-11 - (-13 - -4))?
-1
What is 4 + -12 + 6 + 4?
2
-4 - (-4 + 4) - -8
4
Evaluate 3 - (0 - -7) - -2.
-2
What is the value of -8 + -1 - (7 + -8)?
-8
What is -53 + 42 - ((-6 - -1) + -1)?
-5
What is the value of (13 - 11) + 1 + -8?
-5
Evaluate 3 + -11 - -17 - 11.
-2
What is the value of -45 + 47 - ((-1 - 1) + 7)?
-3
Calculate 23 + -23 + (14 - 4).
10
Evaluate -6 - (7 + (-18 - -5) + 8).
-8
1 + (2 - -1 - (30 - 22))
-4
Calculate (12 - 8 - (-1 - -1)) + -4.
0
Calculate -17 + (12 - 5) + 9.
-1
Calculate -3 + (-4 - -9) + 2.
4
Evaluate 0 + (6 - 1) - 9.
-4
Evaluate -16 + 4 + 4 + 10.
2
Evaluate (0 - -1) + (-8 - (-14 + 4)).
3
Calculate 5 + -5 + -8 + -1 + 5.
-4
What is the value of (-7 - (7 - 9)) + 1?
-4
What is the value of -1 + 2 + (-9 - -3 - -4)?
-1
Calculate 1 + 2 + 3 + (-1 - 2).
3
Calculate 4 + 3 + (3 - (9 - 4)).
5
What is the value of -8 - ((-5 + 3 - -2) + -4)?
-4
Evaluate -10 - -6 - 2 - -4.
-2
(-1 - 0 - 0) + (-12 - -14)
1
Evaluate 3 + (0 - -6 - 8).
1
Calculate 7 + 0 - (3 - 1).
5
What is the value of -2 + 0 - (-5 - (13 + -17))?
-1
Calculate -10 + (-3 - -2) + 4.
-7
Evaluate (-2 + 4 - 2) + 4 - 2.
2
Evaluate -4 - (2 - 2) - (-2 - 2).
0
What is -1 + 6 + (-8 - -6) - -2?
5
0 + 0 + 4 - (116 - 106)
-6
What is the value of -4 + (-4 - -5) - (-9 + 17)?
-11
What is (1 - (4 + -3) - -1) + 2?
3
What is -4 - (-14 - (-6 + 8 - 11))?
1
Calculate (23 - 19) + 0 + 1.
5
Evaluate 2 - 0 - (-14 + 7 - -7).
2
Calculate -16 - -19 - (7 + -1 + 0).
-3
Evaluate -2 - ((-1 - -1) + (-8 - -4)).
2
Evaluate 11 - 1 - (-7 + (-6 - -17)).
6
Evaluate -6 - (0 + 0) - 5.
-11
Calculate 5 - (2 + -2 + 0 + 1).
4
2 + (1 - 3) + 4
4
Calculate 0 + 1 - (-5 - (-2 - -2)).
6
What is 10 - 0 - ((-5 - -18) + -7)?
4
Calculate 22 - 19 - (-1 + 1).
3
What is the value of -12 - (-13 - -4 - 9)?
6
Calculate -3 + (5 - 6 - 1).
-5
What is (0 - (5 + -3)) + (1 - 0)?
-1
What is 2 - ((3 - (-4 + -2)) + -3)?
-4
Calculate 0 + -4 + 23 + -19.
0
Evaluate -1 - -1 - (-2 - -1) - 0.
1
Evaluate 3 + (-1 - 2 - (1 + -1)).
0
Evaluate 3 - (7 + -4 + -3).
3
What is 5 + (0 + 6 - 6)?
5
Calculate -1 + 0 + (7 - 3).
3
What is the value of (0 - 5 - -13) + -19?
-11
Calculate 2 - (-6 - (-2 + 1 + -1)).
6
Calculate (9 - 5) + -9 + 7.
2
Calculate -5 - ((-1 - -3) + -7).
0
Evaluate -8 + -2 + 8 + (-2 - 6).
-10
-5 + (-2 - 1 - -9) + -1
0
Calculate (4 - -3 - 14) + 10.
3
3 - 1 - (-31 + 37)
-4
What is (-1 - -2) + (-10 - -10) + 4?
5
Evaluate 1 + (-4 - 0) + 4.
1
Evaluate 7 + 7 + -23 + 8.
-1
(4 - (-2 + 5)) + (16 - 10)
7
What is -10 + (-5 + 0 - -5) + 6?
-4
What is the value of (-18 - -5) + 10 - 3?
-6
6 - 6 - (3 - -1)
-4
Calculate -4 + (-3 - 1) + 3 - 0.
-5
Calculate -2 + -19 + 16 + -4 + -1.
-10
Calculate 4 + (-9 - -13) - 4.
4
What is the value of -9 + -4 + (-6 - -16)?
-3
What is (-2 - 0) + 1 + (-14 - -13)?
-2
5 + -10 + 11 + -2
4
What is -2 + 22 - 7 - 5?
8
What is 4 + (7 + -11 - -3)?
3
-1 - (-2 + 0) - -1
2
What is the value of 11 + (2 + (-13 - -4) - -1)?
5
What is 2 - (6 - 3) - -6?
5
(-2 - -3) + (-3 - 15) + 11
-6
What is the value of 3 - (0 + -3 - (-14 + 6))?
-2
What is the value of -4 + -1 + -8 + 3 + 4?
-6
Calculate (0 - 1) + (6 - 6).
-1
Evaluate -1 - ((-4 - -1) + 0).
2
Evaluate 0 + (4 - (-7 - (-2 - 5))).
4
Calculate (0 - -1) + 56 + -51.
6
What is (9 - (10 - 5)) + 1 + 1?
6
Evaluate 0 + -4 + 2 - 3.
-5
Evaluate -9 - (-14 - (-3 + -3)).
-1
5 - (-5 + (7 - 5))
8
Calculate (-1 - 0) + 1 + 16 + -15.
1
What is (6 - (-2 + 6)) + 1?
3
1 + (4 - 5 - 3)
-3
(-3 - (-4 + 1 - 2)) + 2
4
6 + (-2 - 1) - (-12 + 16)
-1
What is the value of (15 + -1 - 6) + -15?
-7
What is the value of (3 - -2 - 1) + 0?
4
2 + 4 + -5 - (-1 + -1)
3
What is 4 - (6 + -3 - (5 - 2))?
4
Evaluate 6 + -7 + 4 + 0 - -3.
6
What is -2 + 8 - (-1 - (-1 - 5))?
1
What is the value of 94 + -105 - (1 + -8)?
-4
Evaluate 1 + 0 + -6 + 2 - 1.
-4
Calculate 1 + -2 + 17 + -14.
2
Calculate (5 - 1) + -13 + 16 + -1.
6
Calculate -2 - -1 - (5 + (0 - 5)).
-1
Evaluate -10 - -12 - (-5 + 2).
5
What is 5 + (-7 - (-1 + (8 - 8)))?
-1
Evaluate 2 + -10 + 6 + -3.
-5
Evaluate -1 - (0 + 12) - -8.
-5
What is -14 - (-11 + -25 + 15)?
7
Calculate -5 + (7 + -5 - -6).
3
Evaluate 1 + (2 - 0) + -7.
-4
Calculate -1 - (-2 - (-5 - (0 - 1))).
-3
What is -2 + 9 + -6 + 5?
6
What is the value of -6 + 9 + -8 + (10 - 2)?
3
Calculate (1 - 8) + (7 - 2).
-2
What is the value of (-5 - -2 - -3) + (3 - 4)?
-1
Evaluate 4 + 3 + 5 + -15.
-3
Evaluate (5 - 2) + -4 + 0 + 0.
-1
What is the value of -7 - -6 - (-5 - -1)?
3
What is (-11 - -7 - -4) + 5?
5
Evaluate -11 + (-7 - -29) + -8.
3
What is (13 - 3) + -3 - 1?
6
4 - (-6 - 1 - (6 + -24))
-7
What is the value of -3 + (11 + -4 - 0)?
4
Evaluate 21 + -11 + (0 - 6).
4
1 - (-11 + 5 + (2 - -2))
3
What is the value of 1 + 2 + -3 + (13 - 9)?
4
Evaluate -4 + -9 + 19 + 0.
6
What is the value of 1 - -3 - (18 + -14) - 0?
0
46 + -50 + -1 + 1
-4
What is -2 + -3 + (13 - 2) - 12?
-6
Evaluate (4 - 15) + 5 + 1.
-5
What is the value of 1 + 3 + (8 - 8)?
4
Calculate -1 + 6 + -7 + 5.
3
Evaluate 5 - -1 - -2 - 14.
-6
-1 + 3 + 1 + -6
-3
What is the value of -2 + -4 + -1 + 5?
-2
What is -10 + 12 + -17 + 7?
-8
Evaluate -3 + 12 - (0 + 12).
-3
-1 + (-4 - 1) + 3 + 2
-1
1 + -4 + 0 - (-33 + 32)
-2
What is the value of 6 - (2 + -1 - -3)?
2
What is (-1 - 2) + 1 + 2 - 5?
-5
Calculate (-6 - -3) + 0 + 0.
-3
Calculate -3 + -3 + 4 + -3.
-5
What is 0 - (-7 - (0 + -2)) - 3?
2
Evaluate -5 - (-1 + (0 - 2)).
-2
Evaluate 0 + (-13 - -17) - (0 + 7).
-3
-5 - (2 - (5 - 3))
-5
Calculate (-2 - (4 - 11)) + -5.
0
Calculate (0 - 3) + (10 - 4) + -6.
-3
8 + 1 + (21 - 27)
3
Calcu